{"id":461,"date":"2019-04-15T08:43:00","date_gmt":"2019-04-15T08:43:00","guid":{"rendered":"http:\/\/www.bosquemaxico.com\/?page_id=461"},"modified":"2019-10-10T13:55:12","modified_gmt":"2019-10-10T13:55:12","slug":"actividades","status":"publish","type":"page","link":"https:\/\/www.bosquemaxico.com\/index.php\/actividades\/","title":{"rendered":"ACTIVIDADES"},"content":{"rendered":"\t\t<div data-elementor-type=\"wp-post\" data-elementor-id=\"461\" class=\"elementor elementor-461\">\n\t\t\t\t\t\t<section class=\"elementor-section elementor-top-section elementor-element elementor-element-e2ddc71 elementor-section-boxed elementor-section-height-default elementor-section-height-default\" data-id=\"e2ddc71\" data-element_type=\"section\">\n\t\t\t\t\t\t<div class=\"elementor-container elementor-column-gap-default\">\n\t\t\t\t\t<div class=\"elementor-column elementor-col-100 elementor-top-column elementor-element elementor-element-14e0cec\" data-id=\"14e0cec\" data-element_type=\"column\">\n\t\t\t<div class=\"elementor-widget-wrap elementor-element-populated\">\n\t\t\t\t\t\t<div class=\"elementor-element elementor-element-933c875 elementor-widget elementor-widget-text-editor\" data-id=\"933c875\" data-element_type=\"widget\" data-widget_type=\"text-editor.default\">\n\t\t\t\t<div class=\"elementor-widget-container\">\n\t\t\t\t\t\t\t\t\t<p>En Bosque M\u00e1xico contamos con una amplia variedad de actividades para todas las edades, tanto si buscas pasar un d\u00eda en familia, como un d\u00eda con tus amigos\/as y \u00a1hasta una reuni\u00f3n de trabajo!.<\/p><p>Te ofrecemos una combinaci\u00f3n de equilibro, estrategia, fuerza, autocontrol y destreza que te har\u00e1n vivir una experiencia inolvidable.<\/p>\t\t\t\t\t\t\t\t<\/div>\n\t\t\t\t<\/div>\n\t\t\t\t\t<\/div>\n\t\t<\/div>\n\t\t\t\t\t<\/div>\n\t\t<\/section>\n\t\t\t\t<section class=\"elementor-section elementor-top-section elementor-element elementor-element-c06c436 elementor-section-boxed elementor-section-height-default elementor-section-height-default\" data-id=\"c06c436\" data-element_type=\"section\">\n\t\t\t\t\t\t<div class=\"elementor-container elementor-column-gap-default\">\n\t\t\t\t\t<div class=\"elementor-column elementor-col-33 elementor-top-column elementor-element elementor-element-950e61d\" data-id=\"950e61d\" data-element_type=\"column\">\n\t\t\t<div class=\"elementor-widget-wrap elementor-element-populated\">\n\t\t\t\t\t\t<div class=\"elementor-element elementor-element-efaa3c5 elementor-widget elementor-widget-image\" data-id=\"efaa3c5\" data-element_type=\"widget\" data-widget_type=\"image.default\">\n\t\t\t\t<div class=\"elementor-widget-container\">\n\t\t\t\t\t\t\t\t\t\t\t\t\t\t\t\t<a href=\"http:\/\/www.bosquemaxico.com\/index.php\/tierra\/\">\n\t\t\t\t\t\t\t<img fetchpriority=\"high\" decoding=\"async\" width=\"960\" height=\"320\" src=\"https:\/\/www.bosquemaxico.com\/wp-content\/uploads\/2019\/04\/Actividades-en-4-1024x341.png\" class=\"elementor-animation-shrink attachment-large size-large wp-image-235\" alt=\"\" srcset=\"https:\/\/www.bosquemaxico.com\/wp-content\/uploads\/2019\/04\/Actividades-en-4-1024x341.png 1024w, https:\/\/www.bosquemaxico.com\/wp-content\/uploads\/2019\/04\/Actividades-en-4-300x100.png 300w, https:\/\/www.bosquemaxico.com\/wp-content\/uploads\/2019\/04\/Actividades-en-4-768x256.png 768w, https:\/\/www.bosquemaxico.com\/wp-content\/uploads\/2019\/04\/Actividades-en-4-1140x380.png 1140w, https:\/\/www.bosquemaxico.com\/wp-content\/uploads\/2019\/04\/Actividades-en-4.png 1500w\" sizes=\"(max-width: 960px) 100vw, 960px\" \/>\t\t\t\t\t\t\t\t<\/a>\n\t\t\t\t\t\t\t\t\t\t\t\t\t\t\t<\/div>\n\t\t\t\t<\/div>\n\t\t\t\t\t<\/div>\n\t\t<\/div>\n\t\t\t\t<div class=\"elementor-column elementor-col-33 elementor-top-column elementor-element elementor-element-99cbab4\" data-id=\"99cbab4\" data-element_type=\"column\">\n\t\t\t<div class=\"elementor-widget-wrap elementor-element-populated\">\n\t\t\t\t\t\t<div class=\"elementor-element elementor-element-7497611 elementor-widget elementor-widget-image\" data-id=\"7497611\" data-element_type=\"widget\" data-widget_type=\"image.default\">\n\t\t\t\t<div class=\"elementor-widget-container\">\n\t\t\t\t\t\t\t\t\t\t\t\t\t\t\t\t<a href=\"http:\/\/www.bosquemaxico.com\/index.php\/222-2\/\">\n\t\t\t\t\t\t\t<img decoding=\"async\" width=\"960\" height=\"320\" src=\"https:\/\/www.bosquemaxico.com\/wp-content\/uploads\/2019\/04\/Actividades-en-3-1024x341.png\" class=\"elementor-animation-shrink attachment-large size-large wp-image-237\" alt=\"\" srcset=\"https:\/\/www.bosquemaxico.com\/wp-content\/uploads\/2019\/04\/Actividades-en-3-1024x341.png 1024w, https:\/\/www.bosquemaxico.com\/wp-content\/uploads\/2019\/04\/Actividades-en-3-300x100.png 300w, https:\/\/www.bosquemaxico.com\/wp-content\/uploads\/2019\/04\/Actividades-en-3-768x256.png 768w, https:\/\/www.bosquemaxico.com\/wp-content\/uploads\/2019\/04\/Actividades-en-3-1140x380.png 1140w, https:\/\/www.bosquemaxico.com\/wp-content\/uploads\/2019\/04\/Actividades-en-3.png 1500w\" sizes=\"(max-width: 960px) 100vw, 960px\" \/>\t\t\t\t\t\t\t\t<\/a>\n\t\t\t\t\t\t\t\t\t\t\t\t\t\t\t<\/div>\n\t\t\t\t<\/div>\n\t\t\t\t\t<\/div>\n\t\t<\/div>\n\t\t\t\t<div class=\"elementor-column elementor-col-33 elementor-top-column elementor-element elementor-element-01f7049\" data-id=\"01f7049\" data-element_type=\"column\">\n\t\t\t<div class=\"elementor-widget-wrap elementor-element-populated\">\n\t\t\t\t\t\t<div class=\"elementor-element elementor-element-a661490 elementor-widget elementor-widget-image\" data-id=\"a661490\" data-element_type=\"widget\" data-widget_type=\"image.default\">\n\t\t\t\t<div class=\"elementor-widget-container\">\n\t\t\t\t\t\t\t\t\t\t\t\t\t\t\t\t<a href=\"http:\/\/www.bosquemaxico.com\/index.php\/fuego\/\">\n\t\t\t\t\t\t\t<img decoding=\"async\" width=\"960\" height=\"320\" src=\"https:\/\/www.bosquemaxico.com\/wp-content\/uploads\/2019\/04\/Actividades-en-6-1024x341.png\" class=\"elementor-animation-shrink attachment-large size-large wp-image-427\" alt=\"\" srcset=\"https:\/\/www.bosquemaxico.com\/wp-content\/uploads\/2019\/04\/Actividades-en-6-1024x341.png 1024w, https:\/\/www.bosquemaxico.com\/wp-content\/uploads\/2019\/04\/Actividades-en-6-300x100.png 300w, https:\/\/www.bosquemaxico.com\/wp-content\/uploads\/2019\/04\/Actividades-en-6-768x256.png 768w, https:\/\/www.bosquemaxico.com\/wp-content\/uploads\/2019\/04\/Actividades-en-6-1140x380.png 1140w, https:\/\/www.bosquemaxico.com\/wp-content\/uploads\/2019\/04\/Actividades-en-6.png 1500w\" sizes=\"(max-width: 960px) 100vw, 960px\" \/>\t\t\t\t\t\t\t\t<\/a>\n\t\t\t\t\t\t\t\t\t\t\t\t\t\t\t<\/div>\n\t\t\t\t<\/div>\n\t\t\t\t\t<\/div>\n\t\t<\/div>\n\t\t\t\t\t<\/div>\n\t\t<\/section>\n\t\t\t\t<section class=\"elementor-section elementor-top-section elementor-element elementor-element-1a0a6ac elementor-section-boxed elementor-section-height-default elementor-section-height-default\" data-id=\"1a0a6ac\" data-element_type=\"section\">\n\t\t\t\t\t\t<div class=\"elementor-container elementor-column-gap-default\">\n\t\t\t\t\t<div class=\"elementor-column elementor-col-100 elementor-top-column elementor-element elementor-element-ad3f43d\" data-id=\"ad3f43d\" data-element_type=\"column\">\n\t\t\t<div class=\"elementor-widget-wrap elementor-element-populated\">\n\t\t\t\t\t\t<div class=\"elementor-element elementor-element-c4969c6 elementor-widget elementor-widget-spacer\" data-id=\"c4969c6\" data-element_type=\"widget\" data-widget_type=\"spacer.default\">\n\t\t\t\t<div class=\"elementor-widget-container\">\n\t\t\t\t\t\t\t<div class=\"elementor-spacer\">\n\t\t\t<div class=\"elementor-spacer-inner\"><\/div>\n\t\t<\/div>\n\t\t\t\t\t\t<\/div>\n\t\t\t\t<\/div>\n\t\t\t\t<div class=\"elementor-element elementor-element-0b9e74f elementor-widget-divider--view-line elementor-widget elementor-widget-divider\" data-id=\"0b9e74f\" data-element_type=\"widget\" data-widget_type=\"divider.default\">\n\t\t\t\t<div class=\"elementor-widget-container\">\n\t\t\t\t\t\t\t<div class=\"elementor-divider\">\n\t\t\t<span class=\"elementor-divider-separator\">\n\t\t\t\t\t\t<\/span>\n\t\t<\/div>\n\t\t\t\t\t\t<\/div>\n\t\t\t\t<\/div>\n\t\t\t\t<div class=\"elementor-element elementor-element-a9e4072 elementor-arrows-position-inside elementor-pagination-position-outside elementor-widget elementor-widget-image-carousel\" data-id=\"a9e4072\" data-element_type=\"widget\" data-settings=\"{&quot;slides_to_show&quot;:&quot;1&quot;,&quot;navigation&quot;:&quot;both&quot;,&quot;autoplay&quot;:&quot;yes&quot;,&quot;pause_on_hover&quot;:&quot;yes&quot;,&quot;pause_on_interaction&quot;:&quot;yes&quot;,&quot;autoplay_speed&quot;:5000,&quot;infinite&quot;:&quot;yes&quot;,&quot;effect&quot;:&quot;slide&quot;,&quot;speed&quot;:500}\" data-widget_type=\"image-carousel.default\">\n\t\t\t\t<div class=\"elementor-widget-container\">\n\t\t\t\t\t\t\t<div class=\"elementor-image-carousel-wrapper swiper\" role=\"region\" aria-roledescription=\"carousel\" aria-label=\"Carrusel de im\u00e1genes\" dir=\"ltr\">\n\t\t\t<div class=\"elementor-image-carousel swiper-wrapper swiper-image-stretch\" aria-live=\"off\">\n\t\t\t\t\t\t\t\t<div class=\"swiper-slide\" role=\"group\" aria-roledescription=\"slide\" aria-label=\"1 de 9\"><figure class=\"swiper-slide-inner\"><img decoding=\"async\" class=\"swiper-slide-image\" src=\"https:\/\/www.bosquemaxico.com\/wp-content\/uploads\/2019\/04\/L1170022.jpg\" alt=\"L1170022\" \/><\/figure><\/div><div class=\"swiper-slide\" role=\"group\" aria-roledescription=\"slide\" aria-label=\"2 de 9\"><figure class=\"swiper-slide-inner\"><img decoding=\"async\" class=\"swiper-slide-image\" src=\"https:\/\/www.bosquemaxico.com\/wp-content\/uploads\/2019\/04\/L1170008.jpg\" alt=\"L1170008\" \/><\/figure><\/div><div class=\"swiper-slide\" role=\"group\" aria-roledescription=\"slide\" aria-label=\"3 de 9\"><figure class=\"swiper-slide-inner\"><img decoding=\"async\" class=\"swiper-slide-image\" src=\"https:\/\/www.bosquemaxico.com\/wp-content\/uploads\/2019\/04\/L1160872.jpg\" alt=\"L1160872\" \/><\/figure><\/div><div class=\"swiper-slide\" role=\"group\" aria-roledescription=\"slide\" aria-label=\"4 de 9\"><figure class=\"swiper-slide-inner\"><img decoding=\"async\" class=\"swiper-slide-image\" src=\"https:\/\/www.bosquemaxico.com\/wp-content\/uploads\/2019\/04\/L1160757-2.jpg\" alt=\"L1160757\" \/><\/figure><\/div><div class=\"swiper-slide\" role=\"group\" aria-roledescription=\"slide\" aria-label=\"5 de 9\"><figure class=\"swiper-slide-inner\"><img decoding=\"async\" class=\"swiper-slide-image\" src=\"https:\/\/www.bosquemaxico.com\/wp-content\/uploads\/2019\/04\/L1160685.jpg\" alt=\"L1160685\" \/><\/figure><\/div><div class=\"swiper-slide\" role=\"group\" aria-roledescription=\"slide\" aria-label=\"6 de 9\"><figure class=\"swiper-slide-inner\"><img decoding=\"async\" class=\"swiper-slide-image\" src=\"https:\/\/www.bosquemaxico.com\/wp-content\/uploads\/2019\/04\/L1160627.jpg\" alt=\"L1160627\" \/><\/figure><\/div><div class=\"swiper-slide\" role=\"group\" aria-roledescription=\"slide\" aria-label=\"7 de 9\"><figure class=\"swiper-slide-inner\"><img decoding=\"async\" class=\"swiper-slide-image\" src=\"https:\/\/www.bosquemaxico.com\/wp-content\/uploads\/2019\/04\/Pena-Aventura9.jpg\" alt=\"Pena Aventura9\" \/><\/figure><\/div><div class=\"swiper-slide\" role=\"group\" aria-roledescription=\"slide\" aria-label=\"8 de 9\"><figure class=\"swiper-slide-inner\"><img decoding=\"async\" class=\"swiper-slide-image\" src=\"https:\/\/www.bosquemaxico.com\/wp-content\/uploads\/2019\/04\/Pena-Aventura1.1.jpg\" alt=\"Pena Aventura1.1\" \/><\/figure><\/div><div class=\"swiper-slide\" role=\"group\" aria-roledescription=\"slide\" aria-label=\"9 de 9\"><figure class=\"swiper-slide-inner\"><img decoding=\"async\" class=\"swiper-slide-image\" src=\"https:\/\/www.bosquemaxico.com\/wp-content\/uploads\/2019\/04\/2-1-e1554729281351.jpg\" alt=\"2\" \/><\/figure><\/div>\t\t\t<\/div>\n\t\t\t\t\t\t\t\t\t\t\t\t<div class=\"elementor-swiper-button elementor-swiper-button-prev\" role=\"button\" tabindex=\"0\">\n\t\t\t\t\t\t<i aria-hidden=\"true\" class=\"eicon-chevron-left\"><\/i>\t\t\t\t\t<\/div>\n\t\t\t\t\t<div class=\"elementor-swiper-button elementor-swiper-button-next\" role=\"button\" tabindex=\"0\">\n\t\t\t\t\t\t<i aria-hidden=\"true\" class=\"eicon-chevron-right\"><\/i>\t\t\t\t\t<\/div>\n\t\t\t\t\n\t\t\t\t\t\t\t\t\t<div class=\"swiper-pagination\"><\/div>\n\t\t\t\t\t\t\t\t\t<\/div>\n\t\t\t\t\t\t<\/div>\n\t\t\t\t<\/div>\n\t\t\t\t\t<\/div>\n\t\t<\/div>\n\t\t\t\t\t<\/div>\n\t\t<\/section>\n\t\t\t\t<\/div>\n\t\t","protected":false},"excerpt":{"rendered":"<p>En Bosque M\u00e1xico contamos con una amplia variedad de actividades para todas las edades, tanto si buscas pasar un d\u00eda en familia, como un d\u00eda con tus amigos\/as y \u00a1hasta una reuni\u00f3n de trabajo!. Te ofrecemos una combinaci\u00f3n de equilibro, estrategia, fuerza, autocontrol y destreza que te har\u00e1n vivir una experiencia inolvidable.<\/p>\n","protected":false},"author":2,"featured_media":520,"parent":0,"menu_order":0,"comment_status":"closed","ping_status":"closed","template":"","meta":{"footnotes":""},"class_list":["post-461","page","type-page","status-publish","has-post-thumbnail","hentry"],"_links":{"self":[{"href":"https:\/\/www.bosquemaxico.com\/index.php\/wp-json\/wp\/v2\/pages\/461","targetHints":{"allow":["GET"]}}],"collection":[{"href":"https:\/\/www.bosquemaxico.com\/index.php\/wp-json\/wp\/v2\/pages"}],"about":[{"href":"https:\/\/www.bosquemaxico.com\/index.php\/wp-json\/wp\/v2\/types\/page"}],"author":[{"embeddable":true,"href":"https:\/\/www.bosquemaxico.com\/index.php\/wp-json\/wp\/v2\/users\/2"}],"replies":[{"embeddable":true,"href":"https:\/\/www.bosquemaxico.com\/index.php\/wp-json\/wp\/v2\/comments?post=461"}],"version-history":[{"count":11,"href":"https:\/\/www.bosquemaxico.com\/index.php\/wp-json\/wp\/v2\/pages\/461\/revisions"}],"predecessor-version":[{"id":543,"href":"https:\/\/www.bosquemaxico.com\/index.php\/wp-json\/wp\/v2\/pages\/461\/revisions\/543"}],"wp:featuredmedia":[{"embeddable":true,"href":"https:\/\/www.bosquemaxico.com\/index.php\/wp-json\/wp\/v2\/media\/520"}],"wp:attachment":[{"href":"https:\/\/www.bosquemaxico.com\/index.php\/wp-json\/wp\/v2\/media?parent=461"}],"curies":[{"name":"wp","href":"https:\/\/api.w.org\/{rel}","templated":true}]}}